{"id":15369,"date":"2022-10-04T16:38:49","date_gmt":"2022-10-04T14:38:49","guid":{"rendered":"https:\/\/www.ceibcn.com\/?post_type=team&#038;p=15369"},"modified":"2026-03-18T11:34:17","modified_gmt":"2026-03-18T10:34:17","slug":"andrea-noferini","status":"publish","type":"team","link":"https:\/\/www.ceibcn.com\/ca\/team\/andrea-noferini\/","title":{"rendered":"Andrea Noferini"},"content":{"rendered":"<p>El Dr. <a href=\"https:\/\/es.linkedin.com\/in\/andrea-noferini-65957445\">Andrea Noferini<\/a>, doctor en Economia per la Universit\u00e0 degli Studi di Firenze t\u00e9 un m\u00e0ster en Ci\u00e8ncies Pol\u00edtiques per la Universitat Pompeu Fabra. Esta acreditat com a professor lector per l\u2019AQU i t\u00e9 3 triennis de doc\u00e8ncia. La seva recerca se centra en les pol\u00edtiques p\u00fabliques, amb \u00e8mfasi en la governan\u00e7a multinivell i les pol\u00edtiques de la Uni\u00f3 Europea.<\/p>\n<p>Ha treballat en projectes per al Programa de les Nacions Unides per al Desenvolupament, la Comissi\u00f3 Europea i altres organitzacions internacionals. Ha estat docent universitari en l&#8217;\u00e0mbit de la pol\u00edtica europea i les pol\u00edtiques p\u00fabliques a la UPF.<\/p>\n<p>Publicacions: <a id=\"menur411\" class=\"fui-Link ___1q1shib f2hkw1w f3rmtva f1ewtqcl fyind8e f1k6fduh f1w7gpdv fk6fouc fjoy568 figsok6 f1s184ao f1mk8lai fnbmjn9 f1o700av f13mvf36 f1cmlufx f9n3di6 f1ids18y f1tx3yz7 f1deo86v f1eh06m1 f1iescvh fhgqx19 f1olyrje f1p93eir f1nev41a f1h8hb77 f1lqvz6u f10aw75t fsle3fq f17ae5zn\" title=\"https:\/\/scholar.google.com\/citations?user=tevbod4aaaaj&amp;hl=es\" href=\"https:\/\/scholar.google.com\/citations?user=tEvbOD4AAAAJ&amp;hl=es\" target=\"_blank\" rel=\"noreferrer noopener\" aria-label=\"V\u00ednculo https:\/\/scholar.google.com\/citations?user=tEvbOD4AAAAJ&amp;hl=es\">https:\/\/scholar.google.com\/citations?user=tEvbOD4AAAAJ&amp;hl=es<\/a><\/p>\n","protected":false},"author":6,"featured_media":37480,"menu_order":98,"template":"","team_designation":[],"team_department":[223,237,292,291,895,286],"class_list":["post-15369","team","type-team","status-publish","has-post-thumbnail","hentry","team_department-cei-ca","team_department-mudoi-ca","team_department-pocd-ca-2","team_department-profesores-mudoi-externos","team_department-professors-ca","team_department-team-cei-ca"],"acf":[],"yoast_head":"<!-- This site is optimized with the Yoast SEO plugin v27.0 - https:\/\/yoast.com\/product\/yoast-seo-wordpress\/ -->\n<title>Andrea Noferini - CEI International Affairs<\/title>\n<meta name=\"robots\" content=\"index, follow, max-snippet:-1, max-image-preview:large, max-video-preview:-1\" \/>\n<link rel=\"canonical\" href=\"https:\/\/www.ceibcn.com\/ca\/team\/andrea-noferini\/\" \/>\n<meta property=\"og:locale\" content=\"ca_ES\" \/>\n<meta property=\"og:type\" content=\"article\" \/>\n<meta property=\"og:title\" content=\"Andrea Noferini - CEI International Affairs\" \/>\n<meta property=\"og:description\" content=\"El Dr. Andrea Noferini, doctor en Economia per la Universit\u00e0 degli Studi di Firenze t\u00e9 un m\u00e0ster en Ci\u00e8ncies Pol\u00edtiques per la Universitat Pompeu Fabra. Esta acreditat com a professor lector per l\u2019AQU i t\u00e9 3 triennis de doc\u00e8ncia. La seva recerca se centra en les pol\u00edtiques p\u00fabliques, amb \u00e8mfasi en la governan\u00e7a multinivell i [&hellip;]\" \/>\n<meta property=\"og:url\" content=\"https:\/\/www.ceibcn.com\/ca\/team\/andrea-noferini\/\" \/>\n<meta property=\"og:site_name\" content=\"CEI International Affairs\" \/>\n<meta property=\"article:publisher\" content=\"https:\/\/www.facebook.com\/CEI.CentroDeEstudiosInternacionales\/\" \/>\n<meta property=\"article:modified_time\" content=\"2026-03-18T10:34:17+00:00\" \/>\n<meta property=\"og:image\" content=\"https:\/\/www.ceibcn.com\/wp-content\/uploads\/2022\/10\/Andrea-Noferini.png\" \/>\n\t<meta property=\"og:image:width\" content=\"1080\" \/>\n\t<meta property=\"og:image:height\" content=\"1080\" \/>\n\t<meta property=\"og:image:type\" content=\"image\/png\" \/>\n<meta name=\"twitter:card\" content=\"summary_large_image\" \/>\n<meta name=\"twitter:site\" content=\"@CEIbcn\" \/>\n<meta name=\"twitter:label1\" content=\"Temps estimat de lectura\" \/>\n\t<meta name=\"twitter:data1\" content=\"1 minut\" \/>\n<script type=\"application\/ld+json\" class=\"yoast-schema-graph\">{\"@context\":\"https:\/\/schema.org\",\"@graph\":[{\"@type\":\"WebPage\",\"@id\":\"https:\/\/www.ceibcn.com\/ca\/team\/andrea-noferini\/\",\"url\":\"https:\/\/www.ceibcn.com\/ca\/team\/andrea-noferini\/\",\"name\":\"Andrea Noferini - CEI International Affairs\",\"isPartOf\":{\"@id\":\"https:\/\/www.ceibcn.com\/ca\/#website\"},\"primaryImageOfPage\":{\"@id\":\"https:\/\/www.ceibcn.com\/ca\/team\/andrea-noferini\/#primaryimage\"},\"image\":{\"@id\":\"https:\/\/www.ceibcn.com\/ca\/team\/andrea-noferini\/#primaryimage\"},\"thumbnailUrl\":\"https:\/\/www.ceibcn.com\/wp-content\/uploads\/2022\/10\/Andrea-Noferini.png\",\"datePublished\":\"2022-10-04T14:38:49+00:00\",\"dateModified\":\"2026-03-18T10:34:17+00:00\",\"breadcrumb\":{\"@id\":\"https:\/\/www.ceibcn.com\/ca\/team\/andrea-noferini\/#breadcrumb\"},\"inLanguage\":\"ca\",\"potentialAction\":[{\"@type\":\"ReadAction\",\"target\":[\"https:\/\/www.ceibcn.com\/ca\/team\/andrea-noferini\/\"]}]},{\"@type\":\"ImageObject\",\"inLanguage\":\"ca\",\"@id\":\"https:\/\/www.ceibcn.com\/ca\/team\/andrea-noferini\/#primaryimage\",\"url\":\"https:\/\/www.ceibcn.com\/wp-content\/uploads\/2022\/10\/Andrea-Noferini.png\",\"contentUrl\":\"https:\/\/www.ceibcn.com\/wp-content\/uploads\/2022\/10\/Andrea-Noferini.png\",\"width\":1080,\"height\":1080},{\"@type\":\"BreadcrumbList\",\"@id\":\"https:\/\/www.ceibcn.com\/ca\/team\/andrea-noferini\/#breadcrumb\",\"itemListElement\":[{\"@type\":\"ListItem\",\"position\":1,\"name\":\"Portada\",\"item\":\"https:\/\/www.ceibcn.com\/ca\/\"},{\"@type\":\"ListItem\",\"position\":2,\"name\":\"Andrea Noferini\"}]},{\"@type\":\"WebSite\",\"@id\":\"https:\/\/www.ceibcn.com\/ca\/#website\",\"url\":\"https:\/\/www.ceibcn.com\/ca\/\",\"name\":\"CEI International Affairs\",\"description\":\"CEI International Affairs\",\"publisher\":{\"@id\":\"https:\/\/www.ceibcn.com\/ca\/#organization\"},\"alternateName\":\"CEI International Affairs\",\"potentialAction\":[{\"@type\":\"SearchAction\",\"target\":{\"@type\":\"EntryPoint\",\"urlTemplate\":\"https:\/\/www.ceibcn.com\/ca\/?s={search_term_string}\"},\"query-input\":{\"@type\":\"PropertyValueSpecification\",\"valueRequired\":true,\"valueName\":\"search_term_string\"}}],\"inLanguage\":\"ca\"},{\"@type\":\"Organization\",\"@id\":\"https:\/\/www.ceibcn.com\/ca\/#organization\",\"name\":\"CEI International Affairs\",\"url\":\"https:\/\/www.ceibcn.com\/ca\/\",\"logo\":{\"@type\":\"ImageObject\",\"inLanguage\":\"ca\",\"@id\":\"https:\/\/www.ceibcn.com\/ca\/#\/schema\/logo\/image\/\",\"url\":\"https:\/\/www.ceibcn.com\/wp-content\/uploads\/2021\/09\/CeiLogo_EscuelaDiploVectorized_vectorizedSIN_FONDO.png\",\"contentUrl\":\"https:\/\/www.ceibcn.com\/wp-content\/uploads\/2021\/09\/CeiLogo_EscuelaDiploVectorized_vectorizedSIN_FONDO.png\",\"width\":1591,\"height\":629,\"caption\":\"CEI International Affairs\"},\"image\":{\"@id\":\"https:\/\/www.ceibcn.com\/ca\/#\/schema\/logo\/image\/\"},\"sameAs\":[\"https:\/\/www.facebook.com\/CEI.CentroDeEstudiosInternacionales\/\",\"https:\/\/x.com\/CEIbcn\",\"https:\/\/www.instagram.com\/cei_international\/\"]}]}<\/script>\n<!-- \/ Yoast SEO plugin. -->","yoast_head_json":{"title":"Andrea Noferini - CEI International Affairs","robots":{"index":"index","follow":"follow","max-snippet":"max-snippet:-1","max-image-preview":"max-image-preview:large","max-video-preview":"max-video-preview:-1"},"canonical":"https:\/\/www.ceibcn.com\/ca\/team\/andrea-noferini\/","og_locale":"ca_ES","og_type":"article","og_title":"Andrea Noferini - CEI International Affairs","og_description":"El Dr. Andrea Noferini, doctor en Economia per la Universit\u00e0 degli Studi di Firenze t\u00e9 un m\u00e0ster en Ci\u00e8ncies Pol\u00edtiques per la Universitat Pompeu Fabra. Esta acreditat com a professor lector per l\u2019AQU i t\u00e9 3 triennis de doc\u00e8ncia. La seva recerca se centra en les pol\u00edtiques p\u00fabliques, amb \u00e8mfasi en la governan\u00e7a multinivell i [&hellip;]","og_url":"https:\/\/www.ceibcn.com\/ca\/team\/andrea-noferini\/","og_site_name":"CEI International Affairs","article_publisher":"https:\/\/www.facebook.com\/CEI.CentroDeEstudiosInternacionales\/","article_modified_time":"2026-03-18T10:34:17+00:00","og_image":[{"width":1080,"height":1080,"url":"https:\/\/www.ceibcn.com\/wp-content\/uploads\/2022\/10\/Andrea-Noferini.png","type":"image\/png"}],"twitter_card":"summary_large_image","twitter_site":"@CEIbcn","twitter_misc":{"Temps estimat de lectura":"1 minut"},"schema":{"@context":"https:\/\/schema.org","@graph":[{"@type":"WebPage","@id":"https:\/\/www.ceibcn.com\/ca\/team\/andrea-noferini\/","url":"https:\/\/www.ceibcn.com\/ca\/team\/andrea-noferini\/","name":"Andrea Noferini - CEI International Affairs","isPartOf":{"@id":"https:\/\/www.ceibcn.com\/ca\/#website"},"primaryImageOfPage":{"@id":"https:\/\/www.ceibcn.com\/ca\/team\/andrea-noferini\/#primaryimage"},"image":{"@id":"https:\/\/www.ceibcn.com\/ca\/team\/andrea-noferini\/#primaryimage"},"thumbnailUrl":"https:\/\/www.ceibcn.com\/wp-content\/uploads\/2022\/10\/Andrea-Noferini.png","datePublished":"2022-10-04T14:38:49+00:00","dateModified":"2026-03-18T10:34:17+00:00","breadcrumb":{"@id":"https:\/\/www.ceibcn.com\/ca\/team\/andrea-noferini\/#breadcrumb"},"inLanguage":"ca","potentialAction":[{"@type":"ReadAction","target":["https:\/\/www.ceibcn.com\/ca\/team\/andrea-noferini\/"]}]},{"@type":"ImageObject","inLanguage":"ca","@id":"https:\/\/www.ceibcn.com\/ca\/team\/andrea-noferini\/#primaryimage","url":"https:\/\/www.ceibcn.com\/wp-content\/uploads\/2022\/10\/Andrea-Noferini.png","contentUrl":"https:\/\/www.ceibcn.com\/wp-content\/uploads\/2022\/10\/Andrea-Noferini.png","width":1080,"height":1080},{"@type":"BreadcrumbList","@id":"https:\/\/www.ceibcn.com\/ca\/team\/andrea-noferini\/#breadcrumb","itemListElement":[{"@type":"ListItem","position":1,"name":"Portada","item":"https:\/\/www.ceibcn.com\/ca\/"},{"@type":"ListItem","position":2,"name":"Andrea Noferini"}]},{"@type":"WebSite","@id":"https:\/\/www.ceibcn.com\/ca\/#website","url":"https:\/\/www.ceibcn.com\/ca\/","name":"CEI International Affairs","description":"CEI International Affairs","publisher":{"@id":"https:\/\/www.ceibcn.com\/ca\/#organization"},"alternateName":"CEI International Affairs","potentialAction":[{"@type":"SearchAction","target":{"@type":"EntryPoint","urlTemplate":"https:\/\/www.ceibcn.com\/ca\/?s={search_term_string}"},"query-input":{"@type":"PropertyValueSpecification","valueRequired":true,"valueName":"search_term_string"}}],"inLanguage":"ca"},{"@type":"Organization","@id":"https:\/\/www.ceibcn.com\/ca\/#organization","name":"CEI International Affairs","url":"https:\/\/www.ceibcn.com\/ca\/","logo":{"@type":"ImageObject","inLanguage":"ca","@id":"https:\/\/www.ceibcn.com\/ca\/#\/schema\/logo\/image\/","url":"https:\/\/www.ceibcn.com\/wp-content\/uploads\/2021\/09\/CeiLogo_EscuelaDiploVectorized_vectorizedSIN_FONDO.png","contentUrl":"https:\/\/www.ceibcn.com\/wp-content\/uploads\/2021\/09\/CeiLogo_EscuelaDiploVectorized_vectorizedSIN_FONDO.png","width":1591,"height":629,"caption":"CEI International Affairs"},"image":{"@id":"https:\/\/www.ceibcn.com\/ca\/#\/schema\/logo\/image\/"},"sameAs":["https:\/\/www.facebook.com\/CEI.CentroDeEstudiosInternacionales\/","https:\/\/x.com\/CEIbcn","https:\/\/www.instagram.com\/cei_international\/"]}]}},"_links":{"self":[{"href":"https:\/\/www.ceibcn.com\/ca\/wp-json\/wp\/v2\/team\/15369","targetHints":{"allow":["GET"]}}],"collection":[{"href":"https:\/\/www.ceibcn.com\/ca\/wp-json\/wp\/v2\/team"}],"about":[{"href":"https:\/\/www.ceibcn.com\/ca\/wp-json\/wp\/v2\/types\/team"}],"author":[{"embeddable":true,"href":"https:\/\/www.ceibcn.com\/ca\/wp-json\/wp\/v2\/users\/6"}],"wp:featuredmedia":[{"embeddable":true,"href":"https:\/\/www.ceibcn.com\/ca\/wp-json\/wp\/v2\/media\/37480"}],"wp:attachment":[{"href":"https:\/\/www.ceibcn.com\/ca\/wp-json\/wp\/v2\/media?parent=15369"}],"wp:term":[{"taxonomy":"team_designation","embeddable":true,"href":"https:\/\/www.ceibcn.com\/ca\/wp-json\/wp\/v2\/team_designation?post=15369"},{"taxonomy":"team_department","embeddable":true,"href":"https:\/\/www.ceibcn.com\/ca\/wp-json\/wp\/v2\/team_department?post=15369"}],"curies":[{"name":"wp","href":"https:\/\/api.w.org\/{rel}","templated":true}]}}

<p>El Dr. <a href="https://es.linkedin.com/in/andrea-noferini-65957445">Andrea Noferini</a>, doctor en Economia per la Università degli Studi di Firenze té un màster en Ciències Polítiques per la Universitat Pompeu Fabra. Esta acreditat com a professor lector per l’AQU i té 3 triennis de docència. La seva recerca se centra en les polítiques públiques, amb èmfasi en la governança multinivell i les polítiques de la Unió Europea.</p>
<p>Ha treballat en projectes per al Programa de les Nacions Unides per al Desenvolupament, la Comissió Europea i altres organitzacions internacionals. Ha estat docent universitari en l&#8217;àmbit de la política europea i les polítiques públiques a la UPF.</p>
<p>Publicacions: <a id="menur411" class="fui-Link ___1q1shib f2hkw1w f3rmtva f1ewtqcl fyind8e f1k6fduh f1w7gpdv fk6fouc fjoy568 figsok6 f1s184ao f1mk8lai fnbmjn9 f1o700av f13mvf36 f1cmlufx f9n3di6 f1ids18y f1tx3yz7 f1deo86v f1eh06m1 f1iescvh fhgqx19 f1olyrje f1p93eir f1nev41a f1h8hb77 f1lqvz6u f10aw75t fsle3fq f17ae5zn" title="https://scholar.google.com/citations?user=tevbod4aaaaj&amp;hl=es" href="https://scholar.google.com/citations?user=tEvbOD4AAAAJ&amp;hl=es" target="_blank" rel="noreferrer noopener" aria-label="Vínculo https://scholar.google.com/citations?user=tEvbOD4AAAAJ&amp;hl=es">https://scholar.google.com/citations?user=tEvbOD4AAAAJ&amp;hl=es</a></p>

<!-- This site is optimized with the Yoast SEO plugin v27.0 - https://yoast.com/product/yoast-seo-wordpress/ -->
<title>Andrea Noferini - CEI International Affairs</title>
<meta name="robots" content="index, follow, max-snippet:-1, max-image-preview:large, max-video-preview:-1" />
<link rel="canonical" href="https://www.ceibcn.com/ca/team/andrea-noferini/" />
<meta property="og:locale" content="ca_ES" />
<meta property="og:type" content="article" />
<meta property="og:title" content="Andrea Noferini - CEI International Affairs" />
<meta property="og:description" content="El Dr. Andrea Noferini, doctor en Economia per la Università degli Studi di Firenze té un màster en Ciències Polítiques per la Universitat Pompeu Fabra. Esta acreditat com a professor lector per l’AQU i té 3 triennis de docència. La seva recerca se centra en les polítiques públiques, amb èmfasi en la governança multinivell i [&hellip;]" />
<meta property="og:url" content="https://www.ceibcn.com/ca/team/andrea-noferini/" />
<meta property="og:site_name" content="CEI International Affairs" />
<meta property="article:publisher" content="https://www.facebook.com/CEI.CentroDeEstudiosInternacionales/" />
<meta property="article:modified_time" content="2026-03-18T10:34:17+00:00" />
<meta property="og:image" content="https://www.ceibcn.com/wp-content/uploads/2022/10/Andrea-Noferini.png" />
	<meta property="og:image:width" content="1080" />
	<meta property="og:image:height" content="1080" />
	<meta property="og:image:type" content="image/png" />
<meta name="twitter:card" content="summary_large_image" />
<meta name="twitter:site" content="@CEIbcn" />
<meta name="twitter:label1" content="Temps estimat de lectura" />
	<meta name="twitter:data1" content="1 minut" />
<script type="application/ld+json" class="yoast-schema-graph">{"@context":"https://schema.org","@graph":[{"@type":"WebPage","@id":"https://www.ceibcn.com/ca/team/andrea-noferini/","url":"https://www.ceibcn.com/ca/team/andrea-noferini/","name":"Andrea Noferini - CEI International Affairs","isPartOf":{"@id":"https://www.ceibcn.com/ca/#website"},"primaryImageOfPage":{"@id":"https://www.ceibcn.com/ca/team/andrea-noferini/#primaryimage"},"image":{"@id":"https://www.ceibcn.com/ca/team/andrea-noferini/#primaryimage"},"thumbnailUrl":"https://www.ceibcn.com/wp-content/uploads/2022/10/Andrea-Noferini.png","datePublished":"2022-10-04T14:38:49+00:00","dateModified":"2026-03-18T10:34:17+00:00","breadcrumb":{"@id":"https://www.ceibcn.com/ca/team/andrea-noferini/#breadcrumb"},"inLanguage":"ca","potentialAction":[{"@type":"ReadAction","target":["https://www.ceibcn.com/ca/team/andrea-noferini/"]}]},{"@type":"ImageObject","inLanguage":"ca","@id":"https://www.ceibcn.com/ca/team/andrea-noferini/#primaryimage","url":"https://www.ceibcn.com/wp-content/uploads/2022/10/Andrea-Noferini.png","contentUrl":"https://www.ceibcn.com/wp-content/uploads/2022/10/Andrea-Noferini.png","width":1080,"height":1080},{"@type":"BreadcrumbList","@id":"https://www.ceibcn.com/ca/team/andrea-noferini/#breadcrumb","itemListElement":[{"@type":"ListItem","position":1,"name":"Portada","item":"https://www.ceibcn.com/ca/"},{"@type":"ListItem","position":2,"name":"Andrea Noferini"}]},{"@type":"WebSite","@id":"https://www.ceibcn.com/ca/#website","url":"https://www.ceibcn.com/ca/","name":"CEI International Affairs","description":"CEI International Affairs","publisher":{"@id":"https://www.ceibcn.com/ca/#organization"},"alternateName":"CEI International Affairs","potentialAction":[{"@type":"SearchAction","target":{"@type":"EntryPoint","urlTemplate":"https://www.ceibcn.com/ca/?s={search_term_string}"},"query-input":{"@type":"PropertyValueSpecification","valueRequired":true,"valueName":"search_term_string"}}],"inLanguage":"ca"},{"@type":"Organization","@id":"https://www.ceibcn.com/ca/#organization","name":"CEI International Affairs","url":"https://www.ceibcn.com/ca/","logo":{"@type":"ImageObject","inLanguage":"ca","@id":"https://www.ceibcn.com/ca/#/schema/logo/image/","url":"https://www.ceibcn.com/wp-content/uploads/2021/09/CeiLogo_EscuelaDiploVectorized_vectorizedSIN_FONDO.png","contentUrl":"https://www.ceibcn.com/wp-content/uploads/2021/09/CeiLogo_EscuelaDiploVectorized_vectorizedSIN_FONDO.png","width":1591,"height":629,"caption":"CEI International Affairs"},"image":{"@id":"https://www.ceibcn.com/ca/#/schema/logo/image/"},"sameAs":["https://www.facebook.com/CEI.CentroDeEstudiosInternacionales/","https://x.com/CEIbcn","https://www.instagram.com/cei_international/"]}]}</script>
<!-- / Yoast SEO plugin. -->

El Dr. Andrea Noferini, doctor en Economia per la Università degli Studi di Firenze té un màster en Ciències Polítiques per la Universitat Pompeu Fabra. Esta acreditat com a professor lector per l’AQU i té 3 triennis de docència. La seva recerca se centra en les polítiques públiques, amb èmfasi en la governança multinivell i [&hellip;]
