{"id":24898,"date":"2024-09-04T14:18:26","date_gmt":"2024-09-04T12:18:26","guid":{"rendered":"https:\/\/www.ceibcn.com\/team\/adria-reyes-i-langa\/"},"modified":"2026-02-24T17:00:07","modified_gmt":"2026-02-24T16:00:07","slug":"adria-reyes-i-langa","status":"publish","type":"team","link":"https:\/\/www.ceibcn.com\/ca\/team\/adria-reyes-i-langa\/","title":{"rendered":"Adri\u00e0 Reyes i Langa"},"content":{"rendered":"<p>&nbsp;<\/p>\n<p>El Dr. <a href=\"https:\/\/es.linkedin.com\/in\/adri%C3%A0-reyes-i-langa-425b96170\">Adri\u00e0 Reyes<\/a> \u00e9s professor de Dret Internacional P\u00fablic i coordinador executiu del M\u00e0ster en Diplom\u00e0cia i Organitzacions Internacionals del Centre d\u2019Estudis Internacionals. \u00c9s graduat en Dret i en Ci\u00e8ncies Pol\u00edtiques per la UPF, M\u00e0ster en Diplom\u00e0cia pel CEI (UB), M\u00e0ster en International Politics per la KU Leuven (B\u00e8lgica) i doctor\u00a0en dret internacional per la UPF.<\/p>\n<p>Ha estat investigador al Centre for Global Governance Studies de Lovaina i ha impartit doc\u00e8ncia en dret internacional p\u00fablic i de Protecci\u00f3 Internacional dels Drets Humans a la Universitat Aut\u00f2noma de Barcelona i Seguretat i Conflictes internacionals a la UPF.<\/p>\n<p>Publicacions:\u00a0<a id=\"menur3r7\" class=\"fui-Link ___1q1shib f2hkw1w f3rmtva f1ewtqcl fyind8e f1k6fduh f1w7gpdv fk6fouc fjoy568 figsok6 f1s184ao f1mk8lai fnbmjn9 f1o700av f13mvf36 f1cmlufx f9n3di6 f1ids18y f1tx3yz7 f1deo86v f1eh06m1 f1iescvh fhgqx19 f1olyrje f1p93eir f1nev41a f1h8hb77 f1lqvz6u f10aw75t fsle3fq f17ae5zn\" title=\"https:\/\/scholar.google.com\/citations?user=rgech6eaaaaj&amp;hl\" href=\"https:\/\/scholar.google.com\/citations?user=rgecH6EAAAAJ&amp;hl\" target=\"_blank\" rel=\"noreferrer noopener\" aria-label=\"V\u00ednculo https:\/\/scholar.google.com\/citations?user=rgecH6EAAAAJ&amp;hl\">https:\/\/scholar.google.com\/citations?user=rgecH6EAAAAJ&amp;hl<\/a><\/p>\n","protected":false},"author":6,"featured_media":32261,"menu_order":109,"template":"","team_designation":[],"team_department":[891,241,234,237,1592,286],"class_list":["post-24898","team","type-team","status-publish","has-post-thumbnail","hentry","team_department-coordinadors-2-ca","team_department-coordinadors-mudoi","team_department-masters","team_department-mudoi-ca","team_department-profesores-mds-cei","team_department-team-cei-ca"],"acf":[],"yoast_head":"<!-- This site is optimized with the Yoast SEO plugin v27.0 - https:\/\/yoast.com\/product\/yoast-seo-wordpress\/ -->\n<title>Adri\u00e0 Reyes i Langa - CEI International Affairs<\/title>\n<meta name=\"robots\" content=\"index, follow, max-snippet:-1, max-image-preview:large, max-video-preview:-1\" \/>\n<link rel=\"canonical\" href=\"https:\/\/www.ceibcn.com\/ca\/team\/adria-reyes-i-langa\/\" \/>\n<meta property=\"og:locale\" content=\"ca_ES\" \/>\n<meta property=\"og:type\" content=\"article\" \/>\n<meta property=\"og:title\" content=\"Adri\u00e0 Reyes i Langa - CEI International Affairs\" \/>\n<meta property=\"og:description\" content=\"&nbsp; El Dr. Adri\u00e0 Reyes \u00e9s professor de Dret Internacional P\u00fablic i coordinador executiu del M\u00e0ster en Diplom\u00e0cia i Organitzacions Internacionals del Centre d\u2019Estudis Internacionals. \u00c9s graduat en Dret i en Ci\u00e8ncies Pol\u00edtiques per la UPF, M\u00e0ster en Diplom\u00e0cia pel CEI (UB), M\u00e0ster en International Politics per la KU Leuven (B\u00e8lgica) i doctor\u00a0en dret internacional [&hellip;]\" \/>\n<meta property=\"og:url\" content=\"https:\/\/www.ceibcn.com\/ca\/team\/adria-reyes-i-langa\/\" \/>\n<meta property=\"og:site_name\" content=\"CEI International Affairs\" \/>\n<meta property=\"article:publisher\" content=\"https:\/\/www.facebook.com\/CEI.CentroDeEstudiosInternacionales\/\" \/>\n<meta property=\"article:modified_time\" content=\"2026-02-24T16:00:07+00:00\" \/>\n<meta property=\"og:image\" content=\"https:\/\/www.ceibcn.com\/wp-content\/uploads\/2024\/09\/Adria-Reyes-1.png\" \/>\n\t<meta property=\"og:image:width\" content=\"500\" \/>\n\t<meta property=\"og:image:height\" content=\"500\" \/>\n\t<meta property=\"og:image:type\" content=\"image\/png\" \/>\n<meta name=\"twitter:card\" content=\"summary_large_image\" \/>\n<meta name=\"twitter:site\" content=\"@CEIbcn\" \/>\n<meta name=\"twitter:label1\" content=\"Temps estimat de lectura\" \/>\n\t<meta name=\"twitter:data1\" content=\"1 minut\" \/>\n<script type=\"application\/ld+json\" class=\"yoast-schema-graph\">{\"@context\":\"https:\/\/schema.org\",\"@graph\":[{\"@type\":\"WebPage\",\"@id\":\"https:\/\/www.ceibcn.com\/ca\/team\/adria-reyes-i-langa\/\",\"url\":\"https:\/\/www.ceibcn.com\/ca\/team\/adria-reyes-i-langa\/\",\"name\":\"Adri\u00e0 Reyes i Langa - CEI International Affairs\",\"isPartOf\":{\"@id\":\"https:\/\/www.ceibcn.com\/ca\/#website\"},\"primaryImageOfPage\":{\"@id\":\"https:\/\/www.ceibcn.com\/ca\/team\/adria-reyes-i-langa\/#primaryimage\"},\"image\":{\"@id\":\"https:\/\/www.ceibcn.com\/ca\/team\/adria-reyes-i-langa\/#primaryimage\"},\"thumbnailUrl\":\"https:\/\/www.ceibcn.com\/wp-content\/uploads\/2024\/09\/Adria-Reyes-1.png\",\"datePublished\":\"2024-09-04T12:18:26+00:00\",\"dateModified\":\"2026-02-24T16:00:07+00:00\",\"breadcrumb\":{\"@id\":\"https:\/\/www.ceibcn.com\/ca\/team\/adria-reyes-i-langa\/#breadcrumb\"},\"inLanguage\":\"ca\",\"potentialAction\":[{\"@type\":\"ReadAction\",\"target\":[\"https:\/\/www.ceibcn.com\/ca\/team\/adria-reyes-i-langa\/\"]}]},{\"@type\":\"ImageObject\",\"inLanguage\":\"ca\",\"@id\":\"https:\/\/www.ceibcn.com\/ca\/team\/adria-reyes-i-langa\/#primaryimage\",\"url\":\"https:\/\/www.ceibcn.com\/wp-content\/uploads\/2024\/09\/Adria-Reyes-1.png\",\"contentUrl\":\"https:\/\/www.ceibcn.com\/wp-content\/uploads\/2024\/09\/Adria-Reyes-1.png\",\"width\":500,\"height\":500},{\"@type\":\"BreadcrumbList\",\"@id\":\"https:\/\/www.ceibcn.com\/ca\/team\/adria-reyes-i-langa\/#breadcrumb\",\"itemListElement\":[{\"@type\":\"ListItem\",\"position\":1,\"name\":\"Portada\",\"item\":\"https:\/\/www.ceibcn.com\/ca\/\"},{\"@type\":\"ListItem\",\"position\":2,\"name\":\"Adri\u00e0 Reyes i Langa\"}]},{\"@type\":\"WebSite\",\"@id\":\"https:\/\/www.ceibcn.com\/ca\/#website\",\"url\":\"https:\/\/www.ceibcn.com\/ca\/\",\"name\":\"CEI International Affairs\",\"description\":\"CEI International Affairs\",\"publisher\":{\"@id\":\"https:\/\/www.ceibcn.com\/ca\/#organization\"},\"alternateName\":\"CEI International Affairs\",\"potentialAction\":[{\"@type\":\"SearchAction\",\"target\":{\"@type\":\"EntryPoint\",\"urlTemplate\":\"https:\/\/www.ceibcn.com\/ca\/?s={search_term_string}\"},\"query-input\":{\"@type\":\"PropertyValueSpecification\",\"valueRequired\":true,\"valueName\":\"search_term_string\"}}],\"inLanguage\":\"ca\"},{\"@type\":\"Organization\",\"@id\":\"https:\/\/www.ceibcn.com\/ca\/#organization\",\"name\":\"CEI International Affairs\",\"url\":\"https:\/\/www.ceibcn.com\/ca\/\",\"logo\":{\"@type\":\"ImageObject\",\"inLanguage\":\"ca\",\"@id\":\"https:\/\/www.ceibcn.com\/ca\/#\/schema\/logo\/image\/\",\"url\":\"https:\/\/www.ceibcn.com\/wp-content\/uploads\/2021\/09\/CeiLogo_EscuelaDiploVectorized_vectorizedSIN_FONDO.png\",\"contentUrl\":\"https:\/\/www.ceibcn.com\/wp-content\/uploads\/2021\/09\/CeiLogo_EscuelaDiploVectorized_vectorizedSIN_FONDO.png\",\"width\":1591,\"height\":629,\"caption\":\"CEI International Affairs\"},\"image\":{\"@id\":\"https:\/\/www.ceibcn.com\/ca\/#\/schema\/logo\/image\/\"},\"sameAs\":[\"https:\/\/www.facebook.com\/CEI.CentroDeEstudiosInternacionales\/\",\"https:\/\/x.com\/CEIbcn\",\"https:\/\/www.instagram.com\/cei_international\/\"]}]}<\/script>\n<!-- \/ Yoast SEO plugin. -->","yoast_head_json":{"title":"Adri\u00e0 Reyes i Langa - CEI International Affairs","robots":{"index":"index","follow":"follow","max-snippet":"max-snippet:-1","max-image-preview":"max-image-preview:large","max-video-preview":"max-video-preview:-1"},"canonical":"https:\/\/www.ceibcn.com\/ca\/team\/adria-reyes-i-langa\/","og_locale":"ca_ES","og_type":"article","og_title":"Adri\u00e0 Reyes i Langa - CEI International Affairs","og_description":"&nbsp; El Dr. Adri\u00e0 Reyes \u00e9s professor de Dret Internacional P\u00fablic i coordinador executiu del M\u00e0ster en Diplom\u00e0cia i Organitzacions Internacionals del Centre d\u2019Estudis Internacionals. \u00c9s graduat en Dret i en Ci\u00e8ncies Pol\u00edtiques per la UPF, M\u00e0ster en Diplom\u00e0cia pel CEI (UB), M\u00e0ster en International Politics per la KU Leuven (B\u00e8lgica) i doctor\u00a0en dret internacional [&hellip;]","og_url":"https:\/\/www.ceibcn.com\/ca\/team\/adria-reyes-i-langa\/","og_site_name":"CEI International Affairs","article_publisher":"https:\/\/www.facebook.com\/CEI.CentroDeEstudiosInternacionales\/","article_modified_time":"2026-02-24T16:00:07+00:00","og_image":[{"width":500,"height":500,"url":"https:\/\/www.ceibcn.com\/wp-content\/uploads\/2024\/09\/Adria-Reyes-1.png","type":"image\/png"}],"twitter_card":"summary_large_image","twitter_site":"@CEIbcn","twitter_misc":{"Temps estimat de lectura":"1 minut"},"schema":{"@context":"https:\/\/schema.org","@graph":[{"@type":"WebPage","@id":"https:\/\/www.ceibcn.com\/ca\/team\/adria-reyes-i-langa\/","url":"https:\/\/www.ceibcn.com\/ca\/team\/adria-reyes-i-langa\/","name":"Adri\u00e0 Reyes i Langa - CEI International Affairs","isPartOf":{"@id":"https:\/\/www.ceibcn.com\/ca\/#website"},"primaryImageOfPage":{"@id":"https:\/\/www.ceibcn.com\/ca\/team\/adria-reyes-i-langa\/#primaryimage"},"image":{"@id":"https:\/\/www.ceibcn.com\/ca\/team\/adria-reyes-i-langa\/#primaryimage"},"thumbnailUrl":"https:\/\/www.ceibcn.com\/wp-content\/uploads\/2024\/09\/Adria-Reyes-1.png","datePublished":"2024-09-04T12:18:26+00:00","dateModified":"2026-02-24T16:00:07+00:00","breadcrumb":{"@id":"https:\/\/www.ceibcn.com\/ca\/team\/adria-reyes-i-langa\/#breadcrumb"},"inLanguage":"ca","potentialAction":[{"@type":"ReadAction","target":["https:\/\/www.ceibcn.com\/ca\/team\/adria-reyes-i-langa\/"]}]},{"@type":"ImageObject","inLanguage":"ca","@id":"https:\/\/www.ceibcn.com\/ca\/team\/adria-reyes-i-langa\/#primaryimage","url":"https:\/\/www.ceibcn.com\/wp-content\/uploads\/2024\/09\/Adria-Reyes-1.png","contentUrl":"https:\/\/www.ceibcn.com\/wp-content\/uploads\/2024\/09\/Adria-Reyes-1.png","width":500,"height":500},{"@type":"BreadcrumbList","@id":"https:\/\/www.ceibcn.com\/ca\/team\/adria-reyes-i-langa\/#breadcrumb","itemListElement":[{"@type":"ListItem","position":1,"name":"Portada","item":"https:\/\/www.ceibcn.com\/ca\/"},{"@type":"ListItem","position":2,"name":"Adri\u00e0 Reyes i Langa"}]},{"@type":"WebSite","@id":"https:\/\/www.ceibcn.com\/ca\/#website","url":"https:\/\/www.ceibcn.com\/ca\/","name":"CEI International Affairs","description":"CEI International Affairs","publisher":{"@id":"https:\/\/www.ceibcn.com\/ca\/#organization"},"alternateName":"CEI International Affairs","potentialAction":[{"@type":"SearchAction","target":{"@type":"EntryPoint","urlTemplate":"https:\/\/www.ceibcn.com\/ca\/?s={search_term_string}"},"query-input":{"@type":"PropertyValueSpecification","valueRequired":true,"valueName":"search_term_string"}}],"inLanguage":"ca"},{"@type":"Organization","@id":"https:\/\/www.ceibcn.com\/ca\/#organization","name":"CEI International Affairs","url":"https:\/\/www.ceibcn.com\/ca\/","logo":{"@type":"ImageObject","inLanguage":"ca","@id":"https:\/\/www.ceibcn.com\/ca\/#\/schema\/logo\/image\/","url":"https:\/\/www.ceibcn.com\/wp-content\/uploads\/2021\/09\/CeiLogo_EscuelaDiploVectorized_vectorizedSIN_FONDO.png","contentUrl":"https:\/\/www.ceibcn.com\/wp-content\/uploads\/2021\/09\/CeiLogo_EscuelaDiploVectorized_vectorizedSIN_FONDO.png","width":1591,"height":629,"caption":"CEI International Affairs"},"image":{"@id":"https:\/\/www.ceibcn.com\/ca\/#\/schema\/logo\/image\/"},"sameAs":["https:\/\/www.facebook.com\/CEI.CentroDeEstudiosInternacionales\/","https:\/\/x.com\/CEIbcn","https:\/\/www.instagram.com\/cei_international\/"]}]}},"_links":{"self":[{"href":"https:\/\/www.ceibcn.com\/ca\/wp-json\/wp\/v2\/team\/24898","targetHints":{"allow":["GET"]}}],"collection":[{"href":"https:\/\/www.ceibcn.com\/ca\/wp-json\/wp\/v2\/team"}],"about":[{"href":"https:\/\/www.ceibcn.com\/ca\/wp-json\/wp\/v2\/types\/team"}],"author":[{"embeddable":true,"href":"https:\/\/www.ceibcn.com\/ca\/wp-json\/wp\/v2\/users\/6"}],"wp:featuredmedia":[{"embeddable":true,"href":"https:\/\/www.ceibcn.com\/ca\/wp-json\/wp\/v2\/media\/32261"}],"wp:attachment":[{"href":"https:\/\/www.ceibcn.com\/ca\/wp-json\/wp\/v2\/media?parent=24898"}],"wp:term":[{"taxonomy":"team_designation","embeddable":true,"href":"https:\/\/www.ceibcn.com\/ca\/wp-json\/wp\/v2\/team_designation?post=24898"},{"taxonomy":"team_department","embeddable":true,"href":"https:\/\/www.ceibcn.com\/ca\/wp-json\/wp\/v2\/team_department?post=24898"}],"curies":[{"name":"wp","href":"https:\/\/api.w.org\/{rel}","templated":true}]}}

Adrià Reyes i Langa

<p>&nbsp;</p>
<p>El Dr. <a href="https://es.linkedin.com/in/adri%C3%A0-reyes-i-langa-425b96170">Adrià Reyes</a> és professor de Dret Internacional Públic i coordinador executiu del Màster en Diplomàcia i Organitzacions Internacionals del Centre d’Estudis Internacionals. És graduat en Dret i en Ciències Polítiques per la UPF, Màster en Diplomàcia pel CEI (UB), Màster en International Politics per la KU Leuven (Bèlgica) i doctor en dret internacional per la UPF.</p>
<p>Ha estat investigador al Centre for Global Governance Studies de Lovaina i ha impartit docència en dret internacional públic i de Protecció Internacional dels Drets Humans a la Universitat Autònoma de Barcelona i Seguretat i Conflictes internacionals a la UPF.</p>
<p>Publicacions: <a id="menur3r7" class="fui-Link ___1q1shib f2hkw1w f3rmtva f1ewtqcl fyind8e f1k6fduh f1w7gpdv fk6fouc fjoy568 figsok6 f1s184ao f1mk8lai fnbmjn9 f1o700av f13mvf36 f1cmlufx f9n3di6 f1ids18y f1tx3yz7 f1deo86v f1eh06m1 f1iescvh fhgqx19 f1olyrje f1p93eir f1nev41a f1h8hb77 f1lqvz6u f10aw75t fsle3fq f17ae5zn" title="https://scholar.google.com/citations?user=rgech6eaaaaj&amp;hl" href="https://scholar.google.com/citations?user=rgecH6EAAAAJ&amp;hl" target="_blank" rel="noreferrer noopener" aria-label="Vínculo https://scholar.google.com/citations?user=rgecH6EAAAAJ&amp;hl">https://scholar.google.com/citations?user=rgecH6EAAAAJ&amp;hl</a></p>

<!-- This site is optimized with the Yoast SEO plugin v27.0 - https://yoast.com/product/yoast-seo-wordpress/ -->
<title>Adrià Reyes i Langa - CEI International Affairs</title>
<meta name="robots" content="index, follow, max-snippet:-1, max-image-preview:large, max-video-preview:-1" />
<link rel="canonical" href="https://www.ceibcn.com/ca/team/adria-reyes-i-langa/" />
<meta property="og:locale" content="ca_ES" />
<meta property="og:type" content="article" />
<meta property="og:title" content="Adrià Reyes i Langa - CEI International Affairs" />
<meta property="og:description" content="&nbsp; El Dr. Adrià Reyes és professor de Dret Internacional Públic i coordinador executiu del Màster en Diplomàcia i Organitzacions Internacionals del Centre d’Estudis Internacionals. És graduat en Dret i en Ciències Polítiques per la UPF, Màster en Diplomàcia pel CEI (UB), Màster en International Politics per la KU Leuven (Bèlgica) i doctor en dret internacional [&hellip;]" />
<meta property="og:url" content="https://www.ceibcn.com/ca/team/adria-reyes-i-langa/" />
<meta property="og:site_name" content="CEI International Affairs" />
<meta property="article:publisher" content="https://www.facebook.com/CEI.CentroDeEstudiosInternacionales/" />
<meta property="article:modified_time" content="2026-02-24T16:00:07+00:00" />
<meta property="og:image" content="https://www.ceibcn.com/wp-content/uploads/2024/09/Adria-Reyes-1.png" />
	<meta property="og:image:width" content="500" />
	<meta property="og:image:height" content="500" />
	<meta property="og:image:type" content="image/png" />
<meta name="twitter:card" content="summary_large_image" />
<meta name="twitter:site" content="@CEIbcn" />
<meta name="twitter:label1" content="Temps estimat de lectura" />
	<meta name="twitter:data1" content="1 minut" />
<script type="application/ld+json" class="yoast-schema-graph">{"@context":"https://schema.org","@graph":[{"@type":"WebPage","@id":"https://www.ceibcn.com/ca/team/adria-reyes-i-langa/","url":"https://www.ceibcn.com/ca/team/adria-reyes-i-langa/","name":"Adrià Reyes i Langa - CEI International Affairs","isPartOf":{"@id":"https://www.ceibcn.com/ca/#website"},"primaryImageOfPage":{"@id":"https://www.ceibcn.com/ca/team/adria-reyes-i-langa/#primaryimage"},"image":{"@id":"https://www.ceibcn.com/ca/team/adria-reyes-i-langa/#primaryimage"},"thumbnailUrl":"https://www.ceibcn.com/wp-content/uploads/2024/09/Adria-Reyes-1.png","datePublished":"2024-09-04T12:18:26+00:00","dateModified":"2026-02-24T16:00:07+00:00","breadcrumb":{"@id":"https://www.ceibcn.com/ca/team/adria-reyes-i-langa/#breadcrumb"},"inLanguage":"ca","potentialAction":[{"@type":"ReadAction","target":["https://www.ceibcn.com/ca/team/adria-reyes-i-langa/"]}]},{"@type":"ImageObject","inLanguage":"ca","@id":"https://www.ceibcn.com/ca/team/adria-reyes-i-langa/#primaryimage","url":"https://www.ceibcn.com/wp-content/uploads/2024/09/Adria-Reyes-1.png","contentUrl":"https://www.ceibcn.com/wp-content/uploads/2024/09/Adria-Reyes-1.png","width":500,"height":500},{"@type":"BreadcrumbList","@id":"https://www.ceibcn.com/ca/team/adria-reyes-i-langa/#breadcrumb","itemListElement":[{"@type":"ListItem","position":1,"name":"Portada","item":"https://www.ceibcn.com/ca/"},{"@type":"ListItem","position":2,"name":"Adrià Reyes i Langa"}]},{"@type":"WebSite","@id":"https://www.ceibcn.com/ca/#website","url":"https://www.ceibcn.com/ca/","name":"CEI International Affairs","description":"CEI International Affairs","publisher":{"@id":"https://www.ceibcn.com/ca/#organization"},"alternateName":"CEI International Affairs","potentialAction":[{"@type":"SearchAction","target":{"@type":"EntryPoint","urlTemplate":"https://www.ceibcn.com/ca/?s={search_term_string}"},"query-input":{"@type":"PropertyValueSpecification","valueRequired":true,"valueName":"search_term_string"}}],"inLanguage":"ca"},{"@type":"Organization","@id":"https://www.ceibcn.com/ca/#organization","name":"CEI International Affairs","url":"https://www.ceibcn.com/ca/","logo":{"@type":"ImageObject","inLanguage":"ca","@id":"https://www.ceibcn.com/ca/#/schema/logo/image/","url":"https://www.ceibcn.com/wp-content/uploads/2021/09/CeiLogo_EscuelaDiploVectorized_vectorizedSIN_FONDO.png","contentUrl":"https://www.ceibcn.com/wp-content/uploads/2021/09/CeiLogo_EscuelaDiploVectorized_vectorizedSIN_FONDO.png","width":1591,"height":629,"caption":"CEI International Affairs"},"image":{"@id":"https://www.ceibcn.com/ca/#/schema/logo/image/"},"sameAs":["https://www.facebook.com/CEI.CentroDeEstudiosInternacionales/","https://x.com/CEIbcn","https://www.instagram.com/cei_international/"]}]}</script>
<!-- / Yoast SEO plugin. -->

Adrià Reyes i Langa - CEI International Affairs

&nbsp; El Dr. Adrià Reyes és professor de Dret Internacional Públic i coordinador executiu del Màster en Diplomàcia i Organitzacions Internacionals del Centre d’Estudis Internacionals. És graduat en Dret i en Ciències Polítiques per la UPF, Màster en Diplomàcia pel CEI (UB), Màster en International Politics per la KU Leuven (Bèlgica) i doctor en dret internacional [&hellip;]
