{"version":"1.0","provider_name":"CEI International Affairs","provider_url":"https:\/\/www.ceibcn.com\/en\/","title":"Resumen Jornada \"Catalu\u00f1a y la UE\" - CEI International Affairs","type":"rich","width":600,"height":338,"html":"<blockquote class=\"wp-embedded-content\" data-secret=\"YhSG1vX67s\"><a href=\"https:\/\/www.ceibcn.com\/en\/2015\/09\/resumen-jornada-cataluna-y-la-ue\/\">Resumen Jornada &#8220;Catalu\u00f1a y la UE&#8221;<\/a><\/blockquote><iframe sandbox=\"allow-scripts\" security=\"restricted\" src=\"https:\/\/www.ceibcn.com\/en\/2015\/09\/resumen-jornada-cataluna-y-la-ue\/embed\/#?secret=YhSG1vX67s\" width=\"600\" height=\"338\" title=\"&#8220;Resumen Jornada &#8220;Catalu\u00f1a y la UE&#8221;&#8221; &#8212; CEI International Affairs\" data-secret=\"YhSG1vX67s\" frameborder=\"0\" marginwidth=\"0\" marginheight=\"0\" scrolling=\"no\" class=\"wp-embedded-content\"><\/iframe><script type=\"text\/javascript\">\n\/* <![CDATA[ *\/\n\/*! This file is auto-generated *\/\n!function(d,l){\"use strict\";l.querySelector&&d.addEventListener&&\"undefined\"!=typeof URL&&(d.wp=d.wp||{},d.wp.receiveEmbedMessage||(d.wp.receiveEmbedMessage=function(e){var t=e.data;if((t||t.secret||t.message||t.value)&&!\/[^a-zA-Z0-9]\/.test(t.secret)){for(var s,r,n,a=l.querySelectorAll('iframe[data-secret=\"'+t.secret+'\"]'),o=l.querySelectorAll('blockquote[data-secret=\"'+t.secret+'\"]'),c=new RegExp(\"^https?:$\",\"i\"),i=0;i<o.length;i++)o[i].style.display=\"none\";for(i=0;i<a.length;i++)s=a[i],e.source===s.contentWindow&&(s.removeAttribute(\"style\"),\"height\"===t.message?(1e3<(r=parseInt(t.value,10))?r=1e3:~~r<200&&(r=200),s.height=r):\"link\"===t.message&&(r=new URL(s.getAttribute(\"src\")),n=new URL(t.value),c.test(n.protocol))&&n.host===r.host&&l.activeElement===s&&(d.top.location.href=t.value))}},d.addEventListener(\"message\",d.wp.receiveEmbedMessage,!1),l.addEventListener(\"DOMContentLoaded\",function(){for(var e,t,s=l.querySelectorAll(\"iframe.wp-embedded-content\"),r=0;r<s.length;r++)(t=(e=s[r]).getAttribute(\"data-secret\"))||(t=Math.random().toString(36).substring(2,12),e.src+=\"#?secret=\"+t,e.setAttribute(\"data-secret\",t)),e.contentWindow.postMessage({message:\"ready\",secret:t},\"*\")},!1)))}(window,document);\n\/\/# sourceURL=https:\/\/www.ceibcn.com\/wp-includes\/js\/wp-embed.min.js\n\/* ]]> *\/\n<\/script>\n","description":"En el siguiente enlace ponemos a su disposici\u00f3n un breve resumen sobre la Jornada &#8220;Catalu\u00f1a y la Uni\u00f3n Europea&#8221; celebrada el pasado 8 de septiembre en las instalaciones del Palau Macaya. Pueden complementar la informaci\u00f3n en el siguiente documento ampliado en el que los moderadores de las dos mesas analizan la jornada en su totalidad.&nbsp;","thumbnail_url":"https:\/\/www.ceibcn.com\/wp-content\/uploads\/2023\/01\/Logo-CEI.png","thumbnail_width":500,"thumbnail_height":500}

Resumen Jornada "Cataluña y la UE" - CEI International Affairs

<blockquote class="wp-embedded-content" data-secret="YhSG1vX67s"><a href="https://www.ceibcn.com/en/2015/09/resumen-jornada-cataluna-y-la-ue/">Resumen Jornada &#8220;Cataluña y la UE&#8221;</a></blockquote><iframe sandbox="allow-scripts" security="restricted" src="https://www.ceibcn.com/en/2015/09/resumen-jornada-cataluna-y-la-ue/embed/#?secret=YhSG1vX67s" width="600" height="338" title="&#8220;Resumen Jornada &#8220;Cataluña y la UE&#8221;&#8221; &#8212; CEI International Affairs" data-secret="YhSG1vX67s" frameborder="0" marginwidth="0" marginheight="0" scrolling="no" class="wp-embedded-content"></iframe><script type="text/javascript">
/* <![CDATA[ */
/*! This file is auto-generated */
!function(d,l){"use strict";l.querySelector&&d.addEventListener&&"undefined"!=typeof URL&&(d.wp=d.wp||{},d.wp.receiveEmbedMessage||(d.wp.receiveEmbedMessage=function(e){var t=e.data;if((t||t.secret||t.message||t.value)&&!/[^a-zA-Z0-9]/.test(t.secret)){for(var s,r,n,a=l.querySelectorAll('iframe[data-secret="'+t.secret+'"]'),o=l.querySelectorAll('blockquote[data-secret="'+t.secret+'"]'),c=new RegExp("^https?:$","i"),i=0;i<o.length;i++)o[i].style.display="none";for(i=0;i<a.length;i++)s=a[i],e.source===s.contentWindow&&(s.removeAttribute("style"),"height"===t.message?(1e3<(r=parseInt(t.value,10))?r=1e3:~~r<200&&(r=200),s.height=r):"link"===t.message&&(r=new URL(s.getAttribute("src")),n=new URL(t.value),c.test(n.protocol))&&n.host===r.host&&l.activeElement===s&&(d.top.location.href=t.value))}},d.addEventListener("message",d.wp.receiveEmbedMessage,!1),l.addEventListener("DOMContentLoaded",function(){for(var e,t,s=l.querySelectorAll("iframe.wp-embedded-content"),r=0;r<s.length;r++)(t=(e=s[r]).getAttribute("data-secret"))||(t=Math.random().toString(36).substring(2,12),e.src+="#?secret="+t,e.setAttribute("data-secret",t)),e.contentWindow.postMessage({message:"ready",secret:t},"*")},!1)))}(window,document);
//# sourceURL=https://www.ceibcn.com/wp-includes/js/wp-embed.min.js
/* ]]> */
</script>

En el siguiente enlace ponemos a su disposición un breve resumen sobre la Jornada &#8220;Cataluña y la Unión Europea&#8221; celebrada el pasado 8 de septiembre en las instalaciones del Palau Macaya. Pueden complementar la información en el siguiente documento ampliado en el que los moderadores de las dos mesas analizan la jornada en su totalidad.&nbsp;
